{"id":30016,"date":"2023-08-09T14:48:03","date_gmt":"2023-08-09T12:48:03","guid":{"rendered":"https:\/\/www.tecram.ch\/politique-de-confidentialite-et-cookies\/"},"modified":"2023-08-09T14:56:37","modified_gmt":"2023-08-09T12:56:37","slug":"datenschutzrichtlinie-und-cookies","status":"publish","type":"page","link":"https:\/\/www.tecram.ch\/de\/datenschutzrichtlinie-und-cookies\/","title":{"rendered":"Datenschutzrichtlinie und Cookies"},"content":{"rendered":"\n\n\t<h1>Datenschutzrichtlinie und Cookies<\/h1>\n\t<h2>Wer sind wir?<\/h2>\n<p>Tecram S\u00e0rl ist eine 2013 gegr\u00fcndete Gesellschaft mit beschr\u00e4nkter Haftung mit Sitz in Chavornay, Schweiz.<\/p>\n<p>Diese Datenschutzrichtlinie beschreibt die Arten von personenbezogenen Daten, die wir sammeln, wie wir sie speichern, sch\u00fctzen, verwenden oder weitergeben k\u00f6nnen und wie Sie Ihre Rechte aus\u00fcben k\u00f6nnen. Wir verpflichten uns zu einem verantwortungsvollen Umgang mit Ihren pers\u00f6nlichen Daten und halten uns dabei an das Schweizer Bundesgesetz \u00fcber den Datenschutz (DSG) und andere Bestimmungen der Schweizer Datenschutzgesetzgebung. Wir halten uns auch an die Bestimmungen der Europ\u00e4ischen Datenschutzverordnung (DSGVO).<\/p>\n<h2>Einwilligung<\/h2>\n<p>Durch die Nutzung unserer Website stimmen Sie unserer Datenschutzrichtlinie zu, wie sie auf dieser Seite dargelegt ist.<\/p>\n<h2>Arten der gesammelten personenbezogenen Daten<\/h2>\n<p>Wir sammeln personenbezogene Daten auf unserer Website https:\/\/www.tecram.ch \u00fcber unsere Online-Formulare, \u00fcber verschiedene Cookies und \u00fcber unseren Server.<\/p>\n<p><strong>Die personenbezogenen Daten, die wir erhalten k\u00f6nnen, sind:<\/strong><\/p>\n<h3>A.) \u00dcber unsere Online-Formulare:<\/h3>\n<ul>\n<li>Vollst\u00e4ndiger Name<\/li>\n<li>Unternehmen<\/li>\n<li>Postanschrift<\/li>\n<li>Telefon<\/li>\n<li>E-Mail<\/li>\n<li>IP-Adresse<\/li>\n<li>Datum und Uhrzeit, zu der Sie das Formular ausgef\u00fcllt haben<\/li>\n<li>Anfrage, die Sie an uns gerichtet haben<\/li>\n<\/ul>\n<h3>B.) \u00dcber Cookies<\/h3>\n<p>Wir erheben personenbezogene Daten auch \u00fcber unsere Online-Cookies, bei denen es sich um kleine Textdateien handelt, die auf Ihrem Computer gespeichert werden und es uns erm\u00f6glichen:<\/p>\n<ul>\n<li>ihnen das bestm\u00f6gliche Surferlebnis zu bieten<\/li>\n<li>zu verstehen, wie Sie unsere Website nutzen.<\/li>\n<\/ul>\n<p>Sie k\u00f6nnen Cookies l\u00f6schen und blockieren, aber einige Teile unserer Website werden ohne sie nicht funktionieren. Durch die Nutzung unserer Website erkl\u00e4ren Sie sich mit der Verwendung von Cookies einverstanden. <strong>Um zu sehen, welche Cookies auf dieser Website verwendet werden und zu welchem Zweck, k\u00f6nnen Sie jederzeit auf das Symbol &#8220;Cookie-Einstellungen&#8221; klicken, das sich unten links auf jeder Seite der Website befindet.<\/strong><\/p>\n<p>Wenn Sie Cookies generell auf allen von Ihnen besuchten Websites blockieren m\u00f6chten, ist die beste L\u00f6sung die Verwendung eines privaten und sicheren Webbrowsers, wie z. B. Brave: <a href=\"https:\/\/brave.com\/\" target=\"_blank\" rel=\"noopener\">Klicken Sie hier, um mehr<\/a> zu erfahren!<\/p>\n<h3>C.) \u00dcber den Server<\/h3>\n<p>Bei der Nutzung unserer Website werden allgemeine Daten gesammelt und in Server-Log-Dateien gespeichert:<\/p>\n<ul>\n<li>der verwendete Browser (einschlie\u00dflich der Version)<\/li>\n<li>das Betriebssystem Ihres Computers<\/li>\n<li>die Internetseite, von der aus der Zugriff erfolgte<\/li>\n<li>die IP-Adresse (Internetprotokoll-Adresse) des anfragenden Computers<\/li>\n<li>das Datum und die Uhrzeit des Zugriffs auf die Seite<\/li>\n<li>das Land, von dem aus der Zugriff erfolgte, und die Spracheinstellungen<\/li>\n<li>den Namen und die URL der abgerufenen Datei<\/li>\n<li>die Website, von der aus der Zugriff erfolgte<\/li>\n<li>den Namen Ihres Internetanbieters<\/li>\n<\/ul>\n<p>Der Zweck der Verarbeitung dieser Daten besteht darin, die Funktionsweise unserer Website zu optimieren. Wir werten diese Daten statistisch aus, um unser Angebot anzupassen. Diese Daten sind anonym. Auf Anfrage der Justiz kann Ihr Internetprovider jedoch durch die Kombination der IP-Adresse mit dem Datum und der Uhrzeit Ihrer Verbindung Ihre Identit\u00e4t feststellen.<\/p>\n<h2>Verwendung Ihrer pers\u00f6nlichen Daten<\/h2>\n<p>Wir verwenden die von uns gesammelten personenbezogenen Daten, um :<\/p>\n<ul>\n<li>unsere Dienste anzubieten und zu verwalten<\/li>\n<li>einhaltung und Durchsetzung der geltenden gesetzlichen Anforderungen sowie der vertraglichen Verpflichtungen<\/li>\n<\/ul>\n<p>Die Verarbeitung Ihrer personenbezogenen Daten durch uns erfolgt auf einer der folgenden Grundlagen:<\/p>\n<ul>\n<li>ihre Einwilligung, wenn Sie unsere Website besuchen oder ein Online-Formular ausf\u00fcllen<\/li>\n<li>eine vertragliche Beziehung zwischen Ihnen und uns<\/li>\n<li>die Erf\u00fcllung unserer gesetzlichen Verpflichtungen.<\/li>\n<\/ul>\n<h2>Weitergabe von Daten an Dritte<\/h2>\n<p>Wir verkaufen oder verbreiten Ihre personenbezogenen Daten jedoch nicht:<\/p>\n<ul>\n<li>wir k\u00f6nnen einen Teil Ihrer personenbezogenen Daten an einen Auftragsverarbeiter weitergeben<\/li>\n<li>wir k\u00f6nnen Ihre personenbezogenen Daten auf Anfrage von Justizbeh\u00f6rden an diese weitergeben<\/li>\n<\/ul>\n<h2>Physischer Ort der Datenspeicherung<\/h2>\n<p>Wir speichern Ihre Daten:<\/p>\n<ul>\n<li>in unserem internen Unternehmensnetzwerk in Lausanne, Schweiz<\/li>\n<li>in verschiedenen Hochsicherheitsrechenzentren in der Schweiz und in England<\/li>\n<\/ul>\n<p>Die Speicherung von Daten, die durch Cookies gesammelt werden, kann in anderen L\u00e4ndern erfolgen, haupts\u00e4chlich in den USA.<\/p>\n<h2>Dauer der Speicherung von Daten<\/h2>\n<p>Wir speichern die personenbezogenen Daten, die wir \u00fcber Sie erhalten, so lange, wie es f\u00fcr die Zwecke, f\u00fcr die wir sie erhalten haben, erforderlich ist, d. h. um Ihnen professionelle Dienstleistungen anzubieten.<\/p>\n<p>Sie k\u00f6nnen jedoch jederzeit Ihr Recht auf L\u00f6schung Ihrer personenbezogenen Daten oder deren \u00c4nderung geltend machen:<\/p>\n<ul>\n<li><strong>per Post an<\/strong><br \/>\nTecram S\u00e0rl<br \/>\nRoute d&#8217;Yverdon 34<br \/>\n1373 Chavornay<br \/>\nSchweiz<\/li>\n<li><strong>per E-Mail an<\/strong><br \/>\ninfo@tecram.ch<\/li>\n<\/ul>\n<h2>\u00c4nderungen an unserer Datenschutzrichtlinie<\/h2>\n<p>Diese Datenschutzrichtlinie kann ohne vorherige Ank\u00fcndigung ge\u00e4ndert werden, um sie an die Entwicklungen in unserem Gesch\u00e4ft anzupassen. Wir geben am Ende dieser Datenschutzrichtlinie das Datum ihrer letzten Aktualisierung an.<\/p>\n<p><strong>Die Datenschutzrichtlinie wurde am 9. August 2023 aktualisiert<\/strong><\/p>\n<p>Handelsregister: <a href=\"https:\/\/zefix.ch\/fr\/search\/entity\/list\/firm\/1134697\" target=\"_blank\" rel=\"noopener\">hier klicken<\/a>!<\/p>\n\t<h3>Nos promotions actuelles<\/h3>\n\t\t\t\t<a href=\"https:\/\/www.tecram.ch\/home\/technique-acces-en-hauteur\/echafaudage-roulant-telescopique-teletower\/\" target=\"_self\" itemprop=\"url\" rel=\"noopener\">\n\t\t\t\t<img loading=\"lazy\" decoding=\"async\" src=\"https:\/\/www.tecram.ch\/wp-content\/uploads\/Teletower_promo-600x600-1-300x300.jpg\" alt=\"Teletower_promo-600x600\" itemprop=\"image\" height=\"300\" width=\"300\" height=\"300\" width=\"300\" height=\"300\" width=\"300\" title=\"Teletower_promo-600x600\" onerror=\"this.style.display='none'\"  \/>\n\t\t\t\t<\/a>\n\t<p><a href=\"https:\/\/www.tecram.ch\/home\/technique-acces-en-hauteur\/echafaudage-roulant-telescopique-teletower\/\">Echafaudage roulant t\u00e9lescopique <\/a><\/p>\n<p><a href=\"https:\/\/www.tecram.ch\/home\/technique-acces-en-hauteur\/echafaudage-roulant-telescopique-teletower\/\">Teletower<\/a><\/p>\n<p><strong><a href=\"https:\/\/www.tecram.ch\/home\/technique-acces-en-hauteur\/echafaudage-roulant-telescopique-teletower\/\">Prix: CHF 1&#8217;655.- CHF<\/a><\/strong><\/p>\n\n\t\t\t\t<a href=\"https:\/\/www.tecram.ch\/home\/chariots-de-manutention-ergonomiques\/chariots-gerbeurs-ergonomiques\/hovmand\/chariot-de-manutention-mini-gerbeur-hovmand-go\/\" target=\"_self\" itemprop=\"url\" rel=\"noopener\">\n\t\t\t\t<img loading=\"lazy\" decoding=\"async\" src=\"https:\/\/www.tecram.ch\/wp-content\/uploads\/Hovmand-GO_1_promo2-600x600-1-300x300.jpg\" alt=\"Hovmand-GO_1_promo2-600x600\" itemprop=\"image\" height=\"300\" width=\"300\" height=\"300\" width=\"300\" height=\"300\" width=\"300\" title=\"Hovmand-GO_1_promo2-600x600\" onerror=\"this.style.display='none'\"  \/>\n\t\t\t\t<\/a>\n\t<a href=\"https:\/\/www.tecram.ch\/home\/chariots-de-manutention-ergonomiques\/chariots-gerbeurs-ergonomiques\/hovmand\/chariot-de-manutention-mini-gerbeur-hovmand-go\/\">Chariot de manutention<br \/>\nmini-gerbeur Hovmand GO<\/a>\n<p><strong>Prix: CHF 1&#8217;890.- CHF<\/strong><\/p>\n\t\t\t\t<a href=\"https:\/\/www.tecram.ch\/home\/diables-et-dispositifs-monte-escaliers\/diable-monte-escalier-electrique-avec-frein-170-et-200-kg-xsto-dmeg170-et-dmeg200\/\" target=\"_self\" itemprop=\"url\" rel=\"noopener\">\n\t\t\t\t<img loading=\"lazy\" decoding=\"async\" src=\"https:\/\/www.tecram.ch\/wp-content\/uploads\/diables-monte-escalier-electriques-DMEG170-stockman-1-logo-promo.jpg\" alt=\"diables-monte-escalier-electriques-DMEG170-stockman-1 logo promo\" itemprop=\"image\" height=\"600\" width=\"600\" title=\"diables-monte-escalier-electriques-DMEG170-stockman-1 logo promo\" onerror=\"this.style.display='none'\"  \/>\n\t\t\t\t<\/a>\n\t<a href=\"https:\/\/www.tecram.ch\/home\/diables-et-dispositifs-monte-escaliers\/diable-monte-escalier-electrique-avec-frein-170-et-200-kg-xsto-dmeg170-et-dmeg200\/\">Diable monte-escalier \u00e9lectrique avec frein &#8211; 170 et 200 Kg &#8211; XSTO DMEG170 et DMEG200<\/a><br \/>\n<strong>Prix: CHF 2&#8217;275.- CHF<\/strong>\n\t\t\t\t<a href=\"https:\/\/www.tecram.ch\/home\/transpalettes-gerbeurs-elevateurs\/transpalettes-electriques\/transpalette-electrique-stockman-edge-pte15-n-pte20n\/\" target=\"_self\" itemprop=\"url\" rel=\"noopener\">\n\t\t\t\t<img loading=\"lazy\" decoding=\"async\" src=\"https:\/\/www.tecram.ch\/wp-content\/uploads\/stockman_15n-edge_fr-300x297.jpg\" alt=\"stockman_15n-edge_fr\" itemprop=\"image\" height=\"297\" width=\"300\" title=\"stockman_15n-edge_fr\" onerror=\"this.style.display='none'\"  \/>\n\t\t\t\t<\/a>\n\t<a href=\"https:\/\/www.tecram.ch\/home\/transpalettes-gerbeurs-elevateurs\/transpalettes-electriques\/transpalette-electrique-stockman-edge-pte15-n-pte20n\/\"> Transpalette \u00e9lectrique<br \/>\nStockman EDGE<\/a><br \/>\n<strong>Prix: CHF 2&#8217;490.- CHF<\/strong>\n\n","protected":false},"excerpt":{"rendered":"<p>Datenschutzrichtlinie und Cookies Wer sind wir? Tecram S\u00e0rl ist eine 2013 gegr\u00fcndete Gesellschaft mit beschr\u00e4nkter Haftung mit Sitz in Chavornay, Schweiz. Diese Datenschutzrichtlinie beschreibt die Arten von personenbezogenen Daten, die wir sammeln, wie wir sie speichern, sch\u00fctzen, verwenden oder weitergeben k\u00f6nnen und wie Sie Ihre Rechte aus\u00fcben k\u00f6nnen. Wir verpflichten uns zu einem verantwortungsvollen Umgang &#8230; <a title=\"Datenschutzrichtlinie und Cookies\" class=\"read-more\" href=\"https:\/\/www.tecram.ch\/de\/datenschutzrichtlinie-und-cookies\/\" aria-label=\"Read more about Datenschutzrichtlinie und Cookies\">Read more<\/a><\/p>\n","protected":false},"author":1,"featured_media":32765,"parent":0,"menu_order":4,"comment_status":"closed","ping_status":"closed","template":"","meta":{"footnotes":""},"class_list":["post-30016","page","type-page","status-publish","has-post-thumbnail"],"aioseo_notices":[],"_links":{"self":[{"href":"https:\/\/www.tecram.ch\/de\/wp-json\/wp\/v2\/pages\/30016","targetHints":{"allow":["GET"]}}],"collection":[{"href":"https:\/\/www.tecram.ch\/de\/wp-json\/wp\/v2\/pages"}],"about":[{"href":"https:\/\/www.tecram.ch\/de\/wp-json\/wp\/v2\/types\/page"}],"author":[{"embeddable":true,"href":"https:\/\/www.tecram.ch\/de\/wp-json\/wp\/v2\/users\/1"}],"replies":[{"embeddable":true,"href":"https:\/\/www.tecram.ch\/de\/wp-json\/wp\/v2\/comments?post=30016"}],"version-history":[{"count":0,"href":"https:\/\/www.tecram.ch\/de\/wp-json\/wp\/v2\/pages\/30016\/revisions"}],"wp:featuredmedia":[{"embeddable":true,"href":"https:\/\/www.tecram.ch\/de\/wp-json\/wp\/v2\/media\/32765"}],"wp:attachment":[{"href":"https:\/\/www.tecram.ch\/de\/wp-json\/wp\/v2\/media?parent=30016"}],"curies":[{"name":"wp","href":"https:\/\/api.w.org\/{rel}","templated":true}]}}

<h1>Datenschutzrichtlinie und Cookies</h1>
	<h2>Wer sind wir?</h2>
<p>Tecram Sàrl ist eine 2013 gegründete Gesellschaft mit beschränkter Haftung mit Sitz in Chavornay, Schweiz.</p>
<p>Diese Datenschutzrichtlinie beschreibt die Arten von personenbezogenen Daten, die wir sammeln, wie wir sie speichern, schützen, verwenden oder weitergeben können und wie Sie Ihre Rechte ausüben können. Wir verpflichten uns zu einem verantwortungsvollen Umgang mit Ihren persönlichen Daten und halten uns dabei an das Schweizer Bundesgesetz über den Datenschutz (DSG) und andere Bestimmungen der Schweizer Datenschutzgesetzgebung. Wir halten uns auch an die Bestimmungen der Europäischen Datenschutzverordnung (DSGVO).</p>
<h2>Einwilligung</h2>
<p>Durch die Nutzung unserer Website stimmen Sie unserer Datenschutzrichtlinie zu, wie sie auf dieser Seite dargelegt ist.</p>
<h2>Arten der gesammelten personenbezogenen Daten</h2>
<p>Wir sammeln personenbezogene Daten auf unserer Website https://www.tecram.ch über unsere Online-Formulare, über verschiedene Cookies und über unseren Server.</p>
<p><strong>Die personenbezogenen Daten, die wir erhalten können, sind:</strong></p>
<h3>A.) Über unsere Online-Formulare:</h3>
<ul>
<li>Vollständiger Name</li>
<li>Unternehmen</li>
<li>Postanschrift</li>
<li>Telefon</li>
<li>E-Mail</li>
<li>IP-Adresse</li>
<li>Datum und Uhrzeit, zu der Sie das Formular ausgefüllt haben</li>
<li>Anfrage, die Sie an uns gerichtet haben</li>
</ul>
<h3>B.) Über Cookies</h3>
<p>Wir erheben personenbezogene Daten auch über unsere Online-Cookies, bei denen es sich um kleine Textdateien handelt, die auf Ihrem Computer gespeichert werden und es uns ermöglichen:</p>
<ul>
<li>ihnen das bestmögliche Surferlebnis zu bieten</li>
<li>zu verstehen, wie Sie unsere Website nutzen.</li>
</ul>
<p>Sie können Cookies löschen und blockieren, aber einige Teile unserer Website werden ohne sie nicht funktionieren. Durch die Nutzung unserer Website erklären Sie sich mit der Verwendung von Cookies einverstanden. <strong>Um zu sehen, welche Cookies auf dieser Website verwendet werden und zu welchem Zweck, können Sie jederzeit auf das Symbol &#8220;Cookie-Einstellungen&#8221; klicken, das sich unten links auf jeder Seite der Website befindet.</strong></p>
<p>Wenn Sie Cookies generell auf allen von Ihnen besuchten Websites blockieren möchten, ist die beste Lösung die Verwendung eines privaten und sicheren Webbrowsers, wie z. B. Brave: <a href="https://brave.com/" target="_blank" rel="noopener">Klicken Sie hier, um mehr</a> zu erfahren!</p>
<h3>C.) Über den Server</h3>
<p>Bei der Nutzung unserer Website werden allgemeine Daten gesammelt und in Server-Log-Dateien gespeichert:</p>
<ul>
<li>der verwendete Browser (einschließlich der Version)</li>
<li>das Betriebssystem Ihres Computers</li>
<li>die Internetseite, von der aus der Zugriff erfolgte</li>
<li>die IP-Adresse (Internetprotokoll-Adresse) des anfragenden Computers</li>
<li>das Datum und die Uhrzeit des Zugriffs auf die Seite</li>
<li>das Land, von dem aus der Zugriff erfolgte, und die Spracheinstellungen</li>
<li>den Namen und die URL der abgerufenen Datei</li>
<li>die Website, von der aus der Zugriff erfolgte</li>
<li>den Namen Ihres Internetanbieters</li>
</ul>
<p>Der Zweck der Verarbeitung dieser Daten besteht darin, die Funktionsweise unserer Website zu optimieren. Wir werten diese Daten statistisch aus, um unser Angebot anzupassen. Diese Daten sind anonym. Auf Anfrage der Justiz kann Ihr Internetprovider jedoch durch die Kombination der IP-Adresse mit dem Datum und der Uhrzeit Ihrer Verbindung Ihre Identität feststellen.</p>
<h2>Verwendung Ihrer persönlichen Daten</h2>
<p>Wir verwenden die von uns gesammelten personenbezogenen Daten, um :</p>
<ul>
<li>unsere Dienste anzubieten und zu verwalten</li>
<li>einhaltung und Durchsetzung der geltenden gesetzlichen Anforderungen sowie der vertraglichen Verpflichtungen</li>
</ul>
<p>Die Verarbeitung Ihrer personenbezogenen Daten durch uns erfolgt auf einer der folgenden Grundlagen:</p>
<ul>
<li>ihre Einwilligung, wenn Sie unsere Website besuchen oder ein Online-Formular ausfüllen</li>
<li>eine vertragliche Beziehung zwischen Ihnen und uns</li>
<li>die Erfüllung unserer gesetzlichen Verpflichtungen.</li>
</ul>
<h2>Weitergabe von Daten an Dritte</h2>
<p>Wir verkaufen oder verbreiten Ihre personenbezogenen Daten jedoch nicht:</p>
<ul>
<li>wir können einen Teil Ihrer personenbezogenen Daten an einen Auftragsverarbeiter weitergeben</li>
<li>wir können Ihre personenbezogenen Daten auf Anfrage von Justizbehörden an diese weitergeben</li>
</ul>
<h2>Physischer Ort der Datenspeicherung</h2>
<p>Wir speichern Ihre Daten:</p>
<ul>
<li>in unserem internen Unternehmensnetzwerk in Lausanne, Schweiz</li>
<li>in verschiedenen Hochsicherheitsrechenzentren in der Schweiz und in England</li>
</ul>
<p>Die Speicherung von Daten, die durch Cookies gesammelt werden, kann in anderen Ländern erfolgen, hauptsächlich in den USA.</p>
<h2>Dauer der Speicherung von Daten</h2>
<p>Wir speichern die personenbezogenen Daten, die wir über Sie erhalten, so lange, wie es für die Zwecke, für die wir sie erhalten haben, erforderlich ist, d. h. um Ihnen professionelle Dienstleistungen anzubieten.</p>
<p>Sie können jedoch jederzeit Ihr Recht auf Löschung Ihrer personenbezogenen Daten oder deren Änderung geltend machen:</p>
<ul>
<li><strong>per Post an</strong><br />
Tecram Sàrl<br />
Route d&#8217;Yverdon 34<br />
1373 Chavornay<br />
Schweiz</li>
<li><strong>per E-Mail an</strong><br />
info@tecram.ch</li>
</ul>
<h2>Änderungen an unserer Datenschutzrichtlinie</h2>
<p>Diese Datenschutzrichtlinie kann ohne vorherige Ankündigung geändert werden, um sie an die Entwicklungen in unserem Geschäft anzupassen. Wir geben am Ende dieser Datenschutzrichtlinie das Datum ihrer letzten Aktualisierung an.</p>
<p><strong>Die Datenschutzrichtlinie wurde am 9. August 2023 aktualisiert</strong></p>
<p>Handelsregister: <a href="https://zefix.ch/fr/search/entity/list/firm/1134697" target="_blank" rel="noopener">hier klicken</a>!</p>
	<h3>Nos promotions actuelles</h3>
				<a href="https://www.tecram.ch/home/technique-acces-en-hauteur/echafaudage-roulant-telescopique-teletower/" target="_self" itemprop="url" rel="noopener">
				<img loading="lazy" decoding="async" src="https://www.tecram.ch/wp-content/uploads/Teletower_promo-600x600-1-300x300.jpg" alt="Teletower_promo-600x600" itemprop="image" height="300" width="300" height="300" width="300" height="300" width="300" title="Teletower_promo-600x600" onerror="this.style.display='none'"  />
				</a>
	<p><a href="https://www.tecram.ch/home/technique-acces-en-hauteur/echafaudage-roulant-telescopique-teletower/">Echafaudage roulant télescopique </a></p>
<p><a href="https://www.tecram.ch/home/technique-acces-en-hauteur/echafaudage-roulant-telescopique-teletower/">Teletower</a></p>
<p><strong><a href="https://www.tecram.ch/home/technique-acces-en-hauteur/echafaudage-roulant-telescopique-teletower/">Prix: CHF 1&#8217;655.- CHF</a></strong></p>

				<a href="https://www.tecram.ch/home/chariots-de-manutention-ergonomiques/chariots-gerbeurs-ergonomiques/hovmand/chariot-de-manutention-mini-gerbeur-hovmand-go/" target="_self" itemprop="url" rel="noopener">
				<img loading="lazy" decoding="async" src="https://www.tecram.ch/wp-content/uploads/Hovmand-GO_1_promo2-600x600-1-300x300.jpg" alt="Hovmand-GO_1_promo2-600x600" itemprop="image" height="300" width="300" height="300" width="300" height="300" width="300" title="Hovmand-GO_1_promo2-600x600" onerror="this.style.display='none'"  />
				</a>
	<a href="https://www.tecram.ch/home/chariots-de-manutention-ergonomiques/chariots-gerbeurs-ergonomiques/hovmand/chariot-de-manutention-mini-gerbeur-hovmand-go/">Chariot de manutention<br />
mini-gerbeur Hovmand GO</a>
<p><strong>Prix: CHF 1&#8217;890.- CHF</strong></p>
				<a href="https://www.tecram.ch/home/diables-et-dispositifs-monte-escaliers/diable-monte-escalier-electrique-avec-frein-170-et-200-kg-xsto-dmeg170-et-dmeg200/" target="_self" itemprop="url" rel="noopener">
				<img loading="lazy" decoding="async" src="https://www.tecram.ch/wp-content/uploads/diables-monte-escalier-electriques-DMEG170-stockman-1-logo-promo.jpg" alt="diables-monte-escalier-electriques-DMEG170-stockman-1 logo promo" itemprop="image" height="600" width="600" title="diables-monte-escalier-electriques-DMEG170-stockman-1 logo promo" onerror="this.style.display='none'"  />
				</a>
	<a href="https://www.tecram.ch/home/diables-et-dispositifs-monte-escaliers/diable-monte-escalier-electrique-avec-frein-170-et-200-kg-xsto-dmeg170-et-dmeg200/">Diable monte-escalier électrique avec frein &#8211; 170 et 200 Kg &#8211; XSTO DMEG170 et DMEG200</a><br />
<strong>Prix: CHF 2&#8217;275.- CHF</strong>
				<a href="https://www.tecram.ch/home/transpalettes-gerbeurs-elevateurs/transpalettes-electriques/transpalette-electrique-stockman-edge-pte15-n-pte20n/" target="_self" itemprop="url" rel="noopener">
				<img loading="lazy" decoding="async" src="https://www.tecram.ch/wp-content/uploads/stockman_15n-edge_fr-300x297.jpg" alt="stockman_15n-edge_fr" itemprop="image" height="297" width="300" title="stockman_15n-edge_fr" onerror="this.style.display='none'"  />
				</a>
	<a href="https://www.tecram.ch/home/transpalettes-gerbeurs-elevateurs/transpalettes-electriques/transpalette-electrique-stockman-edge-pte15-n-pte20n/"> Transpalette électrique<br />
Stockman EDGE</a><br />
<strong>Prix: CHF 2&#8217;490.- CHF</strong>

<p>Datenschutzrichtlinie und Cookies Wer sind wir? Tecram Sàrl ist eine 2013 gegründete Gesellschaft mit beschränkter Haftung mit Sitz in Chavornay, Schweiz. Diese Datenschutzrichtlinie beschreibt die Arten von personenbezogenen Daten, die wir sammeln, wie wir sie speichern, schützen, verwenden oder weitergeben können und wie Sie Ihre Rechte ausüben können. Wir verpflichten uns zu einem verantwortungsvollen Umgang &#8230; <a title="Datenschutzrichtlinie und Cookies" class="read-more" href="https://www.tecram.ch/de/datenschutzrichtlinie-und-cookies/" aria-label="Read more about Datenschutzrichtlinie und Cookies">Read more</a></p>
